Let m(s) = -s**3. Let c(o) = f*l(o) - m(o). Let u be (3/6)/(1/12). Give c(u).
14
Let d(z) = 2*z - 1. Let f(o) = -7*o**2 - 12*o + 6. Let i = 109 + -110. Let g(r) = i*f(r) - 5*d(r). Give g(1).
8
Let b(d) = d**3 + d**2 - 2*d + 1. Let i be (6/(-9))/((-4)/42). Suppose -q = -4*m - 24, -3*m - i = 8. Suppose 1 = -q*j - 15, 0 = 2*v + j + 8. Give b(v).
1
Let f(k) = 35*k**3 + k**2 - k + 4. Let s(y) = -6*y**3 + y - 1. Let j(r) = -f(r) - 6*s(r). Determine j(2).
-4
Let b(i) be the first derivative of 2*i**2 - 116*i + 127. Let l be b(31). Let z(a) = a**2 - 5*a - 16. Calculate z(l).
8
Let a(o) = -o**2 - 17*o - 58. Let c(q) = q**2 - 8*q - 11. Let r be c(8). Let v be a(r). Let h(x) = -x**3 + 9*x**2 - 9*x - 5. What is h(v)?
-13
Let l(g) = -g**2 - 9*g - 8. Suppose -2*h + 4*f = 9*f - 52, 2*f = 4*h - 104. Suppose -2*u = -4*s - h, 4*u + 36 + 2 = -2*s. Calculate l(s).
-8
Let i(j) = 5*j**3 - 6*j**2 - 5*j - 2. Let h(l) = -l**3 + l**2 + l. Let o(t) = -4*h(t) - i(t). Let d be (-20 + 29)*(-1)/(-3). Determine o(d).
-4
Let d = 7795 - 7791. Let c(y) = -4*y + 7*y - 4*y**2 - 2*y - 5 + y**3. Calculate c(d).
-1
Let o = 1 - -34. Let r = o + -20. Let t(p) = -2*p + 3*p**3 + 26 - r - 12. Calculate t(-1).
-2
Let m(y) = 15*y**3 + 16*y**2 - 7. Let l(k) = 68*k**3 + 65*k**2 + k - 29. Let x(b) = -2*l(b) + 9*m(b). Calculate x(14).
-33
Let m(w) be the third derivative of 0*w**3 + 1/24*w**4 + 0*w + 0 + 8*w**2 - 7/60*w**5. Give m(-2).
-30
Let u = -2 - -3. Let h(t) = 24*t - 7*t + 0*t**2 + 2*t**2 - 18*t. Calculate h(u).
1
Let u(t) be the first derivative of t**3/3 - 13*t**2/2 - 17*t - 3320. Calculate u(14).
-3
Let x(c) = c**3 + 18*c**2 - 2*c - 15. Let r = -6114 - -6096. What is x(r)?
21
Let y = -91 - -107. Suppose -y*p - 207 = -25*p. Let c(k) = -k**2 - p*k + 49*k - 20*k. Give c(5).
5
Let m(r) = 33*r - 2. Suppose -92*n + 19 = -73*n. What is m(n)?
31
Let h(o) = -290*o + 469*o + 1 - 180*o + 3. Calculate h(-9).
13
Let d(b) = b**3 + 10*b**2 - 12*b + 9. Suppose -v = -2*j, 0 = 5*j - 27*v + 25*v - 2. Let i(o) = o**3 - o**2 + 1. Let a(n) = j*i(n) - d(n). Calculate a(11).
4
Suppose -5*b + 2*b + 12 = 0, 3*b - 15 = -n. Let x be ((-16)/36)/(n/((-162)/12)). Let s(m) = -7*m + 3. What is s(x)?
-11
Suppose 4*w + 27 = 11. Let p be ((-12)/7)/w + 184/28. Let k(f) = -5 - f - p + 17 - 12. Give k(-8).
1
Suppose -3*g + 1666 = -2*l - 2745, 5*l + 2948 = 2*g. Let p = g - 1484. Let o(r) be the second derivative of r**3/6 + 17*r**2/2 - r. Give o(p).
2
Let j(a) = 4*a - 3. Let z be j(-3). Let r = z + 15. Suppose -3*n + r*u - 2*u + 16 = 0, 8 = 4*u. Let p(q) = 5*q - 6. Calculate p(n).
14
Let z(o) be the third derivative of 2/15*o**5 - 1/120*o**6 + 0 + 0*o**3 - 7/24*o**4 + 7*o - o**2. What is z(7)?
0
Suppose 0 = -11*n - n + 36. Let q(p) = p**3 + 7*p**2 - 4*p**2 - n*p**2 - 6*p**2 + 4. Calculate q(6).
4
Let k(f) = 2*f + 6. Let t be 42/(-24) - 119/28. Calculate k(t).
-6
Let u(c) = 9*c**2 + 4*c + 2. Let t(l) = -26*l**2 - 11*l - 5. Let i(a) = -3*t(a) - 8*u(a). Let o = -15 - -27. Let j be (-2)/(o - 0)*-6. Calculate i(j).
6
Let l(f) be the first derivative of f**3/3 - 23*f**2/2 + 101*f - 4067. Calculate l(19).
25
Let s(b) = 6*b**2 + 2*b - 5. Let x(r) = -5*r**2 - r + 4. Let t(w) = 5*w - 37. Let q be t(8). Suppose 2*l + 7 = 15. Let n(f) = l*x(f) + q*s(f). Determine n(-1).
-3
Let n(i) = 13 - 7*i - 5*i - 2*i - 9*i + 22*i. What is n(0)?
13
Let m = 495 - 493. Let b(s) = 0*s - 9*s**2 + 4*s**2 + 6*s + 4 + 6*s**m. Suppose 2*h - 7*h - 30 = 0. Give b(h).
4
Let q(v) = 59*v + 56. Let p(o) = -14*o - 13. Let t(r) = -13*p(r) - 3*q(r). What is t(-2)?
-9
Let v(j) = -j**3 - 11*j**2 - 9*j + 7. Suppose 3*l + 2*a = 13, a + 9 = 5*l - 4. Suppose 2*r - 4*z = -4, -5*r - z = l*z + 66. Give v(r).
-3
Suppose -1204*n + 621 = -1273*n. Let x(f) = f**3 + 10*f**2 + 7*f - 19. Determine x(n).
-1
Let m = -3946 + 3945. Let w(l) = 12*l**3 + 2*l**2 - 2*l - 2. What is w(m)?
-10
Let b(h) = -h**2 + 2. Let l(k) = -9*k + 7. Suppose 0 = 6*m + 27 - 33. Let s be l(m). What is b(s)?
-2
Suppose 25 = 5*i, -4*o + 27 + 6 = 5*i. Let j(m) = o*m - 22 - m + 31 + 0*m. What is j(-9)?
0
Let r(b) = 16 + 29 - 7*b - 5*b - 3 + 10*b. Calculate r(23).
-4
Let b(a) = 640*a + 4 - 648*a + 3. What is b(-3)?
31
Let z(l) = -l**3 - 2*l**2 - 10*l - 3. Let p(c) = -16*c**3 + 8*c**3 + 2 - 5 + 7*c**3 - 11*c. Let i(u) = -3*p(u) + 4*z(u). Calculate i(-7).
-3
Let d be 5 + 1 - -8 - 6. Suppose d*i - 12*i = 0. Let m(b) = -b - 12. Calculate m(i).
-12
Let b(p) = p**3 - 2*p**2 - 3*p + 9. Let z be b(3). Let x(n) = 5*n - 8. Let m(h) = -16*h + 24. Let k(i) = -3*m(i) - 10*x(i). Determine k(z).
-10
Let r(y) = -y**3 + 8*y**2 + 10*y - 4. Suppose 231*b + 308 = 238*b. Suppose 195 = -5*k + 4*a, 70 = -3*k - 5*a - 10. Let u = k + b. What is r(u)?
5
Let q = -7 + 4. Let u(i) = -2*i**3 - 6*i - 326. Let w(h) = 3*h**3 - h**2 + 9*h + 544. Let t(v) = -5*u(v) - 3*w(v). Give t(q).
-11
Suppose 3*u + 4*t = 7, 0 = -3*t + 93 - 72. Let n(a) = -16*a - 112. Calculate n(u).
0
Let k(o) be the third derivative of 1/3*o**3 + o + 17*o**2 + 1/12*o**4 + 0. Give k(6).
14
Let j(t) = -6*t**2 - 19*t + 14. Let m(a) be the second derivative of 5*a**4/12 + 3*a**3 - 13*a**2/2 - 4*a. Let d(q) = 6*j(q) + 7*m(q). Calculate d(10).
13
Let p(u) be the third derivative of 0*u**3 - 1/8*u**4 + 23*u**2 + 2*u + 0 - 1/60*u**5. What is p(-3)?
0
Let s be (222/(-9))/(76/(-114)). Let d(z) = z - 23. Calculate d(s).
14
Let q(u) = -12*u**3 - 2*u**2 - 30*u - 40. Let m(k) = 7*k**3 + 15*k + 22. Let x(h) = 5*m(h) + 3*q(h). Calculate x(-5).
40
Let z(o) be the third derivative of -o**4/24 - 32*o**2. Let d be 114/(-24) - (-3)/4. Let r(t) = 6*t + 9. Let j(v) = d*z(v) - r(v). Calculate j(7).
-23
Suppose 781 = 62*g + 301 - 574. Let s(i) = 2*i**2 - 34*i + 16. What is s(g)?
16
Suppose -16 = 3*d - 5*d. Suppose 4*y = d*y - 8. Suppose -5*r = -10, y - 6 = z + r. Let k(b) = -b + 2. Determine k(z).
8
Let d(j) = j**2 - 7*j - 90. Let i(t) = 2*t**2 - 15*t - 194. Let c(u) = -13*d(u) + 6*i(u). Suppose -f + 5 = -0. Give c(f).
-14
Let d(a) = 2*a**2 - 2*a - 2. Let t(z) = z**2 - 2*z + 1. Let l be t(3). Suppose -5*r + 7 = -2*v + v, 5*r = l*v - 2. Give d(r).
2
Let l(j) = 2*j**2 + 4*j + 3. Let k be l(-1). Let z be (-7)/(28/40)*k. Let o(q) = -q**3 - 10*q**2 + 2*q + 12. Calculate o(z).
-8
Suppose -214 - 6 + 28 = -96*f. Let g(h) = -21*h**2 + 3*h - 7. Calculate g(f).
-85
Let f(y) = y**3 - 4*y**2 - 1. Let h(t) = -t + 18. Let q be h(-3). Let d = 18 - q. Let n be ((-2)/d)/(-1*(-12)/54). Give f(n).
-10
Let j(p) = 2*p**2 + p - 24. Let v(n) = 12*n**2 + 5*n - 130. Let r(a) = 11*j(a) - 2*v(a). Give r(2).
-10
Suppose i - 2*i = -3. Let c(k) = 1028 - 3*k**3 + 3*k**3 + 6*k - 2*k**3 - 1034 + k**2 + k**3. Calculate c(i).
-6
Let g(o) be the third derivative of 5*o**4/24 - 5*o**3/2 - 37*o**2 - 27*o + 2. Determine g(0).
-15
Let g(a) = -a**3 - 2*a**2 + a. Let b(d) = 4*d**2 + 15*d - 4. Let f be b(-5). Suppose 2*i + 5*z - f = 0, 11 = 2*i - 4*z + 7*z. Give g(i).
-2
Let t(z) be the second derivative of z**4/12 - 3*z**3 + 19*z**2/2 + 796*z. What is t(12)?
-53
Suppose -3*j - 5*t - 1 = 0, -j + 5*j - t + 9 = 0. Let a(g) = -g**2 + 103*g - 350*g + 145*g + 103*g + 1. Calculate a(j).
-5
Let n(g) = g**2 + g + 16. Let u(d) be the second derivative of 1/6*d**3 + 0 - 17*d + 5*d**2. Let i be u(-10). What is n(i)?
16
Suppose -3*q + f - 25 = 0, 2*q - 3*f + 7*f - 2 = 0. Let t(k) = 6*k**2 - 11*k + 8. Let p(y) = -5*y**2 + 9*y - 7. Let z(u) = q*p(u) - 6*t(u). What is z(7)?
-27
Let w(t) be the third derivative of t**6/120 + 2*t**5/15 + t**4/8 + 10*t**3/3 - 12*t**2 + 86*t. Give w(-8).
-4
Suppose -f + 4*c + 58 = 0, 6*f + 4*c - 142 = 3*f. Suppose -f = -7*l + 2*l. Suppose g + 45 = l*g. Let a(m) = -m**2 + 7*m - 5. Calculate a(g).
5
Let d(c) = c**2 - c - 157. Let p(j) = -j**2 - 17*j + 341. Let m(g) = 2*d(g) + p(g). Give m(17).
-7
Suppose 0 = 9*k - 12*k. Suppose -25 = -5*z - k*z. Let x(c) = 4*c + 5 - 4*c + 11*c - z*c. Calculate x(-4).
-19
Let q(n) = 3*n - 4. Let r be 1 - -2 - (4 + -8)/4. Suppose 12 = 3*z - 2*z - 3*m, -4*z + 32 = r*m. Let k be 47/z + 0 - 8/36. Give q(k).
11
Let z(x) = -x**3 - 3*x**2 + 7*x + 5. Suppose 0 = -5*m - 9 - 11, m - 518 = -2*u. Let s = 257 - u. Determine z(s).
-7
Let c(d) = 2 - 18197*d + 9084*d + 9135*d. What is c(2)?
46
Let a(q) be the first derivative of 6*q**2 + 267*q - 189. Let i be a(-22). Let w(r) = -r**3 + 4*r**2 + 2*r - 3. Giv